ulate the greatest common factor of 39 and g.
39
Let x(u) = -5*u - 20. Let d(c) = c**3 + 11*c**2 + 27*c + 11. Let o be d(-8). Let z be x(o). What is the highest common divisor of z and 5?
5
Let j(d) = 8*d**2 - 2*d - 3. Let s be j(-6). Suppose s + 23 = -5*o. Let c = 92 + o. What is the greatest common factor of 14 and c?
14
Let t be 10/(-3) + 4 - 168/9. Let u = t - -24. Calculate the greatest common divisor of 2 and u.
2
Suppose 0 = -2*o + g + 193, 39*g = -5*o + 41*g + 482. What is the highest common factor of o and 168?
24
Let y be 32/(-12)*2079/(-36). Calculate the highest common divisor of 638 and y.
22
Suppose -3*v = -29 + 2. Let m(u) = -3*u + 3. Let s be m(-14). Let x be (s/10)/((-2)/(-44)). Calculate the highest common factor of x and v.
9
Suppose -3 - 7 = -5*f. Suppose -107 = -w + 2*c, 4*w + f*c = 3*w + 127. What is the highest common factor of w and 13?
13
Suppose 7*y + 41*y - 19536 = 0. Calculate the greatest common divisor of 44 and y.
11
Let u = 947 + -799. What is the highest common factor of u and 111?
37
Let c be -1*-15*1 + 100/(-25). What is the highest common factor of c and 341?
11
Let l = 2529 + -1396. What is the greatest common factor of l and 103?
103
Let s = -10 - -14. Suppose y = -s*y + 15. Let j(w) = 4*w**2 - 4*w. Let n be j(y). Calculate the greatest common divisor of 12 and n.
12
Suppose 2*z - 5*z = -3*d - 648, d = 3*z - 650. What is the highest common divisor of 31 and z?
31
Let o be (1/5)/(6/(-30)). Let k be 6*(4 + o - 0). Calculate the greatest common divisor of k and 18.
18
Let x be ((-6)/1*7)/(2/16). Let z be x/(-36)*12/14. What is the greatest common divisor of 1 and z?
1
Suppose -j - 2*u + 5 = 0, 0 = 2*j + u - 6*u - 10. Suppose 0 = 12*x - 8*x - 60. Calculate the greatest common factor of x and j.
5
Let b be (-1)/3 + (-19136)/(-78). Let q = b + -155. What is the greatest common divisor of 36 and q?
18
Let x = 227 - 207. What is the highest common divisor of x and 130?
10
Let r be (-2 + 2)/(-2) + 16. Let l = -6 - -9. Let j be -2*(l/1 - 15). Calculate the highest common factor of r and j.
8
Suppose -b = -1290 + 540. Calculate the highest common divisor of b and 50.
50
Let p(z) = -z**3 + 4*z**2 + 27*z - 4. Let c be p(7). What is the highest common divisor of c and 38?
38
Suppose -10*r + 2436 = -3*r. Let m = r - 249. What is the greatest common factor of 9 and m?
9
Let j = 1249 + -1214. What is the greatest common divisor of 295 and j?
5
Let c(v) = 6*v - 43. Let p be c(8). What is the highest common factor of 155 and p?
5
Suppose -4*q + 3*q + 11 = 0. Let v(f) = 4*f**2 + 6*f - 59. Let h be v(6). Calculate the greatest common divisor of q and h.
11
Let v be (39/2)/((-252)/(-336)). What is the greatest common factor of v and 56?
2
Suppose 2*p + 5*i - 22 = 0, -3*p - p - 16 = -5*i. Calculate the highest common divisor of 7 and p.
1
Let n be (0 - 28)*(-42)/49. Let x = -2 + n. Suppose -182 - x = -4*q. What is the greatest common divisor of 17 and q?
17
Let d = -77 + 110. Let y = d + 21. What is the greatest common divisor of 18 and y?
18
Let d(t) = -t**3 + 8*t**2 + 4*t - 7. Let p be d(8). Suppose 61 = 95*z - 34. Calculate the greatest common divisor of p and z.
1
Let x = 33 + 24. What is the greatest common factor of 95 and x?
19
Suppose -19 = -3*v + 2. Let u be (-6)/(-15) - (-2430)/50. What is the highest common divisor of v and u?
7
Let v = 584 - 359. Calculate the greatest common divisor of v and 15.
15
Let g be 572 - 5/((-45)/27). What is the highest common factor of 25 and g?
25
Let b(n) = -n**3 + 18*n**2 - 13*n - 32. Let p be b(17). Calculate the highest common factor of p and 27.
9
Let b = 81 + -42. Let a = 43 - b. Calculate the greatest common divisor of 8 and a.
4
Let h(i) = -i**2 + 10*i - 13. Let v be 5/3*(1 - -2). Let n be h(v). What is the greatest common factor of 4 and n?
4
Suppose 14*k - 1 - 447 = 0. Let x be 9 + -9 + 8/2. Calculate the highest common factor of k and x.
4
Let z = 407 - 263. Suppose 0 = 3*f + 4*a - 56 - z, 3*f - 165 = 3*a. Let n(u) = -u**2 - 9*u + 1. Let b be n(-7). What is the greatest common divisor of f and b?
15
Let g be 4/((12/(-8) + 0)/(-3)). Calculate the highest common factor of 64 and g.
8
Let z = 328 - 834. Let l = z - -749. Suppose -r - l = -4*r. Calculate the highest common divisor of r and 9.
9
Let m = -349 - -544. What is the highest common factor of m and 13?
13
Let k(j) = -6*j + 13. Let d be k(-17). Let u = d + -90. What is the highest common factor of u and 175?
25
Suppose -82*j + 71*j = -1760. Calculate the highest common factor of j and 110.
10
Let v(i) = i**3 - i**2 + i + 1. Let m be v(1). Suppose -4*c = m*d - 128, -5*c - 156 = -2*d - 2*c. Calculate the greatest common divisor of 180 and d.
36
Let s be ((-6)/(-7))/((-141)/(-10199)). Calculate the greatest common divisor of s and 930.
62
Let o(u) = 2*u**2 - 42*u + 211. Let q be o(27). Calculate the highest common divisor of q and 5.
5
Suppose -133 = -50*b + 43*b. Calculate the greatest common factor of 513 and b.
19
Suppose -4*u + 340 = w, 320 = 49*u - 45*u - 4*w. Calculate the highest common factor of 266 and u.
14
Let f(v) be the first derivative of 65*v**3/3 + 2*v**2 + 3*v + 1. Let x be f(-1). What is the highest common factor of 128 and x?
64
Suppose -3*s + 385 = 5*i, -5*s = -i - 516 - 79. Let x(l) = l**3 - 36*l + 15. Let f be x(6). What is the highest common factor of s and f?
15
Let n be (6/(-5))/(38/(-95)). Suppose 0 = -2*q + 2*s + 22, 3*q + 5*s = 2*s + 57. Calculate the highest common divisor of n and q.
3
Let m(z) be the third derivative of -z**4/12 + 17*z**3/3 + 6*z**2. Let b be m(5). What is the highest common divisor of b and 120?
24
Let q = 1399 + -1361. Calculate the highest common divisor of q and 32.
2
Let t(s) = 2*s**2 + 6*s + 43. Let n be t(12). What is the highest common divisor of 39 and n?
13
Suppose -2*l = 5*p - 266, 6*l - 399 = 3*l - 2*p. Let h = 3 + 4. Calculate the highest common divisor of h and l.
7
Let y be (-1)/((6/4)/(-3)). Suppose 0*h - 68 = -y*h. Let p be 14416/583*(-11)/(-2). What is the greatest common divisor of p and h?
34
Suppose 0 = 3*y - h + 134, -2*h + 4*h - 10 = 0. Let t = y + 69. What is the highest common divisor of 130 and t?
26
Let z(l) = l**3 + 13*l**2 + 10*l - 4. Let a be z(-12). Suppose 4*j = 3*g + 20, g = 5*j - j - a. Let x = j - 3. Calculate the highest common factor of 5 and x.
1
Let a = 131 - 129. What is the greatest common divisor of 140 and a?
2
Let m(q) = q - 44. Let u be m(0). Let p = -36 - u. What is the highest common divisor of p and 8?
8
Let g be (-7)/7 - (0 + -19). Let d = -12 + g. Let w(s) = -67*s - 1. Let c be w(-1). Calculate the highest common divisor of c and d.
6
Suppose -78*t + 84*t - 456 = 0. Let q = -8 - -46. Calculate the greatest common factor of t and q.
38
Suppose -c + 9 = 3*v, 0*v + 2*c = -2*v + 10. Suppose -103 = -v*z + 5. Suppose 5*o = o + 108. What is the highest common factor of o and z?
27
Let i = -698 + 758. Calculate the greatest common factor of 540 and i.
60
Let d(g) = -g**2 + 7*g + 89. Let q be d(13). Calculate the greatest common factor of 22 and q.
11
Suppose 790 = 2*n + 3*n. Suppose -5*p = 2*l + n, -p + l - 34 = 2*l. Let c be ((-6)/(-5))/((-9)/p). What is the highest common divisor of c and 16?
4
Let z be (-350)/(-21)*(-18)/(-12). What is the greatest common factor of 4 and z?
1
Suppose 8*i - 6 = 34. Suppose i*d - 146 = -26. What is the highest common factor of 16 and d?
8
Suppose 0 = -3*y + 5*s + 123, 5*y - 96 = -5*s + 109. Let g = -22 + y. Suppose g*q + 126 = 22*q. Calculate the highest common divisor of q and 28.
14
Let d(y) = -y**3 + 4*y**2 - 5. Let z be d(4). Let a(b) = b**3 + 7*b**2 + 7*b - 8. Let u be a(z). Calculate the greatest common divisor of u and 77.
7
Let t(m) = -m**2 + m - 1. Let p(h) = -4*h**2 + 15*h + 1. Let j(x) = -p(x) + 2*t(x). Let f be j(7). Calculate the highest common divisor of 44 and f.
4
Let y be (324/(-16) + 0)/((-18)/96). Calculate the highest common factor of y and 342.
18
Let h(z) = -z**2 + 7*z - 7. Let u be h(5). Suppose 5*j - 20 = u*j. Let y = -2 + j. What is the greatest common factor of y and 16?
8
Let v(t) = -t**3 + 5*t**2 - 6*t + 6. Let m be v(-5). Suppose -2*y - 24 - 4 = 0. Let g be y/7*(-1)/1 + 24. What is the greatest common divisor of m and g?
26
Let o(t) = -6*t + 1. Let z be o(-3). Suppose 4